l + 2*l = -4*x + 876. What is the hundreds digit of x?
2
Suppose 2*u = -m + 12556, 502 = -3*u + m + 19331. Suppose -1881 = 7*d - u. What is the tens digit of d?
2
Suppose -460 = 128*d - 126*d - 4*c, 2*d = -5*c - 460. What is the units digit of ((-1564)/d)/(4/610)?
7
Let a(p) = 2*p**2 - 9*p + 2. Let o be a(6). Let f = o + 0. Suppose f*m - 6*m = 42. What is the units digit of m?
3
Suppose w = -7 + 10. Suppose 5*o + 2*d + 0*d = 1911, 4*d = -w*o + 1141. What is the units digit of o?
3
Let f(c) = c**3 - 8*c**2 - 2*c + 16. Let h be f(9). Let i = h + -76. Let u(v) = v**2 + 5*v + 4. What is the units digit of u(i)?
8
Let h be (2 - (-80)/(-28))*7. Let q = -4 - h. Suppose q*t - 198 = 100. What is the hundreds digit of t?
1
Let h = -5410 + 20164. What is the hundreds digit of h?
7
Let j = -35 - -34. What is the units digit of 1 + 4 + (-1602 + -7)/j?
4
What is the tens digit of ((-116705)/25)/((-208)/40 - (-8 + 3))?
4
Suppose 247*r = 257*r - 2580. Let t be 1/((2 + -1)/29). Suppose t*b - r = 26*b. What is the tens digit of b?
8
Suppose -45260 = -140*j + 136*j + 2*d, 2*d - 11300 = -j. What is the thousands digit of j?
1
Suppose -4*j = -4*p + 252, 0 = -p - 11*j + 16*j + 67. Suppose -5*z + 13 = -p. What is the tens digit of z?
1
Suppose 3*c - 4113 = -3*s - s, -1041 = -s - 5*c. Suppose -2*q = -v + 346, 7*v - 4*v - s = 3*q. What is the tens digit of v?
3
Let d(t) be the third derivative of 2*t**5/15 - t**4/8 + t**3/6 - 8*t**2. Let v be d(-3). Suppose 0 = 2*b - 26 - v. What is the units digit of b?
4
What is the thousands digit of 10 + (5 - (-4086)/(-270)) - 654317/(-15)?
3
Let q = 119 + -131. Let j be (-171)/(-6)*q/(-9). Suppose g + j = -5*s + 145, -5*s = 4*g - 353. What is the units digit of g?
2
Let f be (-21)/(-5) + ((-18)/15 - -1). What is the units digit of -1756*(90/24 - f)?
9
Let b = -16532 - -31700. What is the thousands digit of b?
5
Let z(h) be the third derivative of h**4/8 + 19*h**3/6 + 9*h**2. What is the tens digit of z(0)?
1
Let k(x) = 13*x + 5. Suppose -g + 151 = -4*n - 0*n, -71 = 2*n - 5*g. Let h = -33 - n. What is the tens digit of k(h)?
7
Let f(i) = 3*i**2 - 150*i - 3438. What is the ten thousands digit of f(-67)?
2
Let b be (-1 - (-3 + 3))/((-6)/24). Suppose -1029 + 101 = -b*s. Suppose 3*r - 2 = s. What is the units digit of r?
8
Let z(f) = -2071*f - 2043. What is the thousands digit of z(-5)?
8
Suppose -13*u + 18*u - 47945 = -4*j, 4*u = 20. What is the ten thousands digit of j?
1
Let o(u) = 1502*u**2 + u + 47. What is the units digit of o(3)?
8
Let l(c) = -17*c - 4. Let w be l(-3). Let n = w + -35. Suppose -1089 - 351 = -n*x. What is the tens digit of x?
2
Let m(h) = 4*h**2 + 77*h - 132. What is the thousands digit of m(-57)?
8
Let x(m) = m**3 + 22*m**2 + 41*m - 10. Let b be x(-20). What is the units digit of (-26)/(93/b - 6/(-2))?
0
Let j = 241 + -217. Suppose -22*h + 3*q - 971 = -j*h, h - 478 = -4*q. What is the hundreds digit of h?
4
Let u = -5 - -5. Suppose 3*d + 38 = 5*p, u*d = 3*p - d - 22. Let n(m) = -m**2 + 11*m - 16. What is the units digit of n(p)?
2
Suppose -3*h = -3*r - h + 3, 0 = -3*r + 4*h - 3. Suppose m - r*g + g = -2, 4*m - 5*g - 4 = 0. Suppose 5*o - m*o + 28 = 0. What is the units digit of o?
8
Let g(d) = 160*d**3 + 8*d**2 - 14*d - 89. What is the tens digit of g(4)?
2
Let q(x) = 37*x**2 - 677*x + 8683. What is the units digit of q(13)?
5
Suppose 0 = 4*s + 4, 3*s + 48 + 51 = -b. Let p = 52 + b. What is the units digit of (-3 + p/(-8))*34?
5
Let z = 1642 + -820. What is the tens digit of z?
2
Let x = -936 - -3006. Suppose -5*k + 5*a + x = -110, -4*k = -a - 1753. What is the units digit of k?
9
Suppose 0 = -3*x - 17*x + 27360. Suppose -3*y = -6*y - 3*p + x, -4*y - p = -1824. What is the hundreds digit of y?
4
Let s be 37984/30 + 5 - 6/45. Let r = s + -67. What is the hundreds digit of r?
2
Suppose 2*j = -l - 0*j - 10, 3*l - 2*j = 2. What is the hundreds digit of l/(-18) - 27846/(-162)?
1
Let p = 2499 + -3704. Let l = 2499 + p. What is the units digit of l?
4
Let t = 232 - -209. Let u = t + -230. What is the tens digit of u?
1
Suppose -2*b + 3*x + 14146 = 0, -b - 5*x = -2315 - 4771. What is the thousands digit of b?
7
Let l(o) = 3*o**2 + 2*o - 4. Let m be l(-2). Suppose -m*u = -4*g + 900 + 756, g - 420 = -2*u. What is the units digit of g?
6
Suppose 79*k - 74*k - 37460 = -5*m, -5*m + 4*k = -37424. What is the hundreds digit of m?
4
Let s = -39 - -46. Let b be (-1)/((2/(-10))/(s/(-5))). What is the tens digit of (-5920)/(-56) + (-2)/b + 0?
0
Let q = 33462 + -25520. What is the tens digit of q?
4
Let h be (-35)/(-14)*(-2 + 5 + -1). Suppose -h*x = -x - q - 8, -2 = -x + 4*q. Suppose -365 = -9*r + 4*r - g, -x*g + 138 = 2*r. What is the tens digit of r?
7
Let t be 3/(7 + 55/(-10)). What is the units digit of ((-32)/64)/(t/(-2532))?
3
Let g = -4344 + 12181. What is the units digit of g?
7
Let u(s) = -2*s**2 - 62*s + 17. Let m be u(-31). Suppose m*n - 25080 = -2*n. What is the thousands digit of n?
1
Let c = 23616 - 9020. What is the thousands digit of c?
4
Let x be 2 + -2 + 0 + 1 + 2. Suppose 0 = -4*a - 20, x*a - 1143 = 3*t - 6*t. What is the hundreds digit of t?
3
Suppose 9*a = 2*a + 21. Suppose 2*q + 3 = a*m, 5*q + 2*m + 2*m = -42. What is the units digit of q/(282/(-92) - -3)?
2
Let i be (-261)/(-12) - (-8)/32. Suppose -5*g - i + 787 = 0. Suppose 0 = -3*f + 63 + g. What is the units digit of f?
2
Suppose -13*j - 207*j + 915200 = 0. What is the hundreds digit of j?
1
Suppose 5*c + 896 - 906 = 0. Suppose -485 = -2*h - c*t + 363, 2112 = 5*h - 3*t. What is the units digit of h?
3
Suppose 4*b - j - 4*j - 40708 = 0, -12 = 3*j. Suppose b - 29932 = -16*a. What is the hundreds digit of a?
2
Let l(t) = -t. Let n(f) = -6*f + 20. Let r(b) = -3*l(b) + n(b). Let x be r(6). Suppose x*g = -2*a + 102, 0*a + 20 = 4*a. What is the units digit of g?
6
Let w = 63 - 46. Let z = w - 136. Let t = 251 + z. What is the hundreds digit of t?
1
Let r be (-574)/2*(-16)/56. Let d = r - 77. Suppose -d*b = 0, 3*q = 3*b + b + 78. What is the units digit of q?
6
What is the hundreds digit of ((-6)/(-4))/(293/1047182)?
3
Suppose -16 = -2*o + 12. Suppose 4*b - o = -6. What is the hundreds digit of b/(1*(-2)/(-143))?
1
Suppose 5*y = 0, 0 = 4*r - 2*r + 3*y + 66. Let x be 11/r + (-206)/(-6). Let t = x - 31. What is the units digit of t?
3
What is the hundreds digit of (-4)/(-68) + (1365837/187 - 4)?
3
Let c = 12406 - 5030. What is the units digit of c?
6
Let v = 10741 - 7393. What is the hundreds digit of v?
3
Suppose -4*t + 60 = 2*t. Suppose -7*n + 136 = t. Suppose 16*z = n*z - 200. What is the tens digit of z?
0
Let t(d) = -d**3 - 5*d**2 - 7*d - 2. Let a be t(-4). Suppose 9*h - a*h = 20. Let j = 139 + h. What is the tens digit of j?
1
Suppose 4*m - m + s = 17, 2*m = -2*s + 14. Suppose -3*n = 2*n + m*p - 370, 5*p = -4*n + 297. What is the tens digit of n?
7
Suppose 0 = -2*j - 4*d + 8*d + 2944, -3*j + 3*d = -4422. Suppose -2*t - 2*b = -j, b + 4 = t - 726. What is the hundreds digit of t?
7
Let m be -8 + 8855/30 - (-1)/(-6). Let j be (-2 - -1)*(-2 - m). Let b = j - 192. What is the tens digit of b?
9
Let x be (-4 + -1)*(1630/(-50) - 2). Let q = x - 147. What is the units digit of q?
6
Let g be 22/(-6)*(-4 - 8)*22. Suppose -18*j = -g - 58. What is the tens digit of j?
5
Let s(a) = 1 - 2 + 0 + 2*a - 8*a. Let o be (1*(-18)/12)/((-2)/(-12)). What is the units digit of s(o)?
3
Let o be (-10)/2 - ((2 - 0) + -3). Let x be ((-27)/o)/(20/(-80)). What is the units digit of 6/(-4)*72/x?
4
Suppose 1431755 - 36383 = 186*j. What is the units digit of j?
2
Let y be (-1 - -3) + -371 + -1. Suppose -3*d = 3*k + 138 + 375, 3*d + 171 = -k. Let x = k - y. What is the tens digit of x?
9
Suppose -118*h + 126*h = -17072. What is the tens digit of 32/(-48) - h/6?
5
Let f(b) = b**3 - 3*b + 4. Let v be f(3). Let k = 23 - v. What is the hundreds digit of (-3 + -1 - k)*-22?
1
Suppose -d - 2*v - 14 = 0, v - 5*v - 48 = 4*d. What is the tens digit of (-102)/(55/(-25) - 2/d)?
5
Let x(n) = -13371*n - 459. What is the hundreds digit of x(-2)?
2
Suppose -11*w - 2*w + 18*w = 185100. What is the ten thousands digit of w?
3
Suppose -3 = -7*n + 6*n. Let z(x) = x**2 - x - 1. Let f be z(n). Suppose m + 2*t = 101, -f*m + 3*t + 122 + 318 = 0. What is the units digit of m?
1
Let s = 1863 + -2817. Let p = s + 1